-2*v + 387, 2*v = 2*l - 272. Let t = l - -1. What is the tens digit of t?
3
Suppose -13*o - 20416 = -24*o. What is the units digit of o?
6
Let f(h) = -6*h - 3. Let q be f(-3). Let y = q + -22. What is the units digit of (-16)/y - 2/7?
2
Let s(n) = 193*n + 330. What is the units digit of s(9)?
7
Suppose -2*t - 4081 = -9*t. What is the tens digit of t?
8
Suppose -4*w + 51 = -449. Let q = -9 + 14. Suppose 0 = q*l + 3*k - w, -4*l + 54 + 59 = 5*k. What is the units digit of l?
2
Suppose 0*z = 6*z - 4104. What is the hundreds digit of z?
6
Suppose 4*n = r + 92, -2*n - 3*r + 108 = 2*n. Let y = 51 - n. What is the tens digit of y?
2
Let g be (-32)/(-10) + (-4)/20. Suppose 0 = g*u - 57 - 93. Suppose 3*n = n + 4*r + 54, -u = -2*n + 3*r. What is the units digit of n?
9
Suppose 0 = 15*f - 156 - 159. What is the units digit of f?
1
What is the hundreds digit of (-2205 + -1 + 0)*(-21 + 20)?
2
Suppose 2 = 2*a + 4*u, 3*u - 14 = -4*a + 5*u. Let o = 3 + a. Suppose 3*m + 69 = o*m. What is the units digit of m?
3
Suppose 8*q = -1099 + 44403. What is the units digit of q?
3
Suppose 4*y + 4 = 5*u + 27, 5*y = 3*u + 19. Let f = 26 - u. What is the tens digit of (3 + -2)*(0 + f)?
2
Suppose 2*d = 5*d + 6. Let f be ((-360)/(-63))/(d/(-7)). What is the tens digit of (-2)/5 + 1368/f?
6
What is the hundreds digit of (-2)/(153777/21970 + 14/(-2))?
3
Let m be 5/15*(5 - 2). Let q(g) = 277*g**2 + 5*g - 2. What is the hundreds digit of q(m)?
2
Suppose 72 = -0*j - 8*j. What is the units digit of 8 - (0 + j/(-3))?
5
What is the units digit of 25*(122 + -12 - 5)?
5
Let l = -2192 + 3966. What is the units digit of l?
4
Suppose 0 = -6*u - 2*n - 3*n + 14146, 4*u + n = 9426. What is the hundreds digit of u?
3
Let q(v) = -15*v**3 + 3*v**2 + 12*v + 101. What is the thousands digit of q(-7)?
5
Let q = 974 + -882. What is the units digit of q?
2
Let t(s) = -2*s**2 - 2*s + 6. Let f be t(-5). Let q = f + 83. What is the units digit of q?
9
Suppose 2194 = 5*b + 3*k, -3*k + 10 = 1. What is the units digit of b?
7
Suppose -216*b = -224*b + 20192. What is the hundreds digit of b?
5
Let v = -327 - -414. What is the units digit of v?
7
Suppose -2*j + 23 = -5*m + 63, -5*m + 35 = -3*j. Suppose -m*b + 8*b = -8. Suppose 3*w - 4*w + 1 = -2*s, b*s - 3 = w. What is the units digit of s?
2
Suppose 0*l + 2*a = -l + 8, 7 = l + a. Suppose -4*q + 250 - l = 0. What is the units digit of q?
1
Let g(w) = -w**3 - 11*w**2 + 13*w + 17. Let y be g(-12). What is the units digit of 74*y/(-10)*-4?
8
Suppose 9*t = 24*t - 35985. What is the tens digit of t?
9
Let z(j) = j**2 - 3*j + 4. Suppose r + 1 = 4. Let k be z(r). What is the tens digit of 1 - -3 - k - -26?
2
Suppose 2*r + 1176 = 2*c, 4*c - 3077 + 722 = 5*r. What is the hundreds digit of c?
5
Let y(i) = 2*i**2 + 2*i + 2. Let o be y(-1). What is the units digit of o/(((-3)/(-18))/1)?
2
What is the tens digit of (-4)/(-2)*-125*325/(-130)?
2
Let f(y) be the second derivative of -5*y - 1/2*y**2 + 0 + 1/12*y**4 - 1/3*y**3. What is the units digit of f(-1)?
2
Suppose 32 - 38 = 6*j. Let f(o) = 91*o**2 + 5*o + 5. What is the tens digit of f(j)?
9
Suppose 3 + 7 = 5*x. Suppose -6*a + 12 = -x*a. Suppose a*k = -2*k + 125. What is the units digit of k?
5
Let k(z) = -8*z**3 + 17 - 5 - z**3 + 9*z**2 + 9*z + 8*z**3. Let c be k(10). Suppose -c*v = 3*a - 14, 5*v - 3*a - 9 = -4*a. What is the units digit of v?
1
Suppose k = 8*k - 686. Let d = 119 + k. What is the units digit of d?
7
Let z = -52 - -52. Suppose -4*g + b - 4*b + 108 = z, b = -2*g + 56. What is the tens digit of g?
3
Suppose -47*i - 2695 = -2*l - 50*i, 3*i = -9. What is the thousands digit of l?
1
Suppose -2*u + 0*u = -60. Let h(c) = -2*c + 5. Let s be h(9). Let a = u + s. What is the units digit of a?
7
Let n = -98 - -123. What is the tens digit of n?
2
Suppose 0 = -3*n - 5*a - 120, -n - 47 = -0*n + 4*a. Suppose 6*f = -216 + 672. Let j = n + f. What is the units digit of j?
1
Let c(r) = r + 5. Let u be c(-1). Let t(x) = 14*x - 17. What is the tens digit of t(u)?
3
Let v(u) = u**3 + 13*u**2 + 9*u - 22. Suppose 0 = 3*o + 2*r + 31, -3*o + 2*r - 16 - 19 = 0. What is the tens digit of v(o)?
2
Let p(z) = z**3 - 17*z**2 - 56*z + 73. What is the thousands digit of p(23)?
1
Let b(j) = -j**2 - 78*j - 126. What is the units digit of b(-49)?
5
Suppose 2*v + 34 = -102. Let t = 7 - v. What is the units digit of t?
5
Let x = 2457 - 525. What is the tens digit of x?
3
Let f(v) = -v**3 + 9*v**2 + 6*v - 9. Let w(k) = 2*k**2 + 2*k - 3. Let s be w(2). What is the tens digit of f(s)?
4
Suppose 0 = -6*u + 3*u - 5*h + 4347, 0 = 2*h. Suppose -5*w + u = -5*j + 49, 0 = -4*j - 20. Suppose -5*x + w = -5*y, -y = y - 6. What is the units digit of x?
8
Let w be ((-4)/14)/((-1)/7). Suppose -w*s - 742 = -9*s. What is the tens digit of s?
0
Suppose 3*c + x - 355 = 337, 0 = -2*c - 5*x + 444. What is the units digit of c?
2
Suppose 0 = 2*k + 15 - 7, -5*b - 5*k + 11155 = 0. What is the units digit of b?
5
What is the units digit of 1900/3 - ((-4)/(-12) + -1)?
4
Suppose -3*z = -3*w + 3, -z - 11 + 2 = 3*w. Let y be 1 - (2 - 1) - w. Let o = y + 4. What is the units digit of o?
6
Let l be 630/(-4) - (6 - 11/2). Let o = l - -349. What is the units digit of o?
1
Suppose 7948 - 1599 = 7*x. What is the tens digit of x?
0
Let a(z) = z**2 + 13*z + 6. Let q be a(-10). Let v = q - -33. What is the units digit of v?
9
Let a be (-52)/(-91) + 9/21. Let z = 20 - 0. Suppose -z = -b - a. What is the units digit of b?
9
Suppose -2*l + 1437 = 4*c - 4899, -1584 = -c + 3*l. What is the thousands digit of c?
1
Let u = 1 - 7. Let p be u/15 + 27/5. Suppose p*i - 37 = 8. What is the units digit of i?
9
Suppose 1279 = -15*z + 7459. What is the tens digit of z?
1
Let q = -217 - -768. What is the hundreds digit of q?
5
Suppose 10*f - 2*y + 3363 = 15*f, 3*f + 4*y - 2015 = 0. What is the units digit of f?
3
Suppose -408*x = -399*x - 16020. What is the tens digit of x?
8
Suppose -3*z = -5*s + 1594, z = 6*z - 10. Suppose j - 335 = -2*w - 2*w, -s = -4*w + 4*j. What is the tens digit of w?
8
Let l = 26 + -21. Let j be (-6)/10 + 23/l. What is the tens digit of (6/9)/(j/222)?
3
Let m = -676 + 1633. What is the tens digit of m?
5
Let q(u) = u**2 + 9*u + 8. Let o be q(-8). Suppose o*s = 3*s - 66. Suppose -2*j + 82 - s = 0. What is the tens digit of j?
3
Let p = 79 - 66. Suppose -p*l = -17*l + 360. What is the units digit of l?
0
Let s be (-2 - 7)/(7/(-4529)). What is the tens digit of (-78)/(-21) + -4 + s/21?
7
Suppose -a + 100 = -84. Let l = a + -125. What is the tens digit of l?
5
Suppose 1 = -5*g + 26. Suppose -2*l - 2*t = 26, -g*l + 4*t - 72 = 2*t. Let u = 21 - l. What is the units digit of u?
5
Suppose h = c - 2952 - 2558, -3*h = 4*c - 22047. What is the units digit of c?
1
Let w(b) = 4*b + b + 0*b - 8 - 2*b. Let r be w(5). Suppose r*d - 2*d = 95. What is the tens digit of d?
1
Suppose 48*v = -75744 + 318384. What is the units digit of v?
5
Let r = 6 + -6. Let v(f) = -f. Let p be v(r). Let u(w) = w**3 + w**2 - w + 35. What is the units digit of u(p)?
5
Let y(z) = z**2 + z - 1. Let q be y(-2). Suppose -3*n - q = 5, -3 = t - 3*n. Let h(k) = -k**3 - 9*k**2 + 12. What is the units digit of h(t)?
2
Let r(q) = 29*q**2 - 9*q + 7. Let h be r(3). Suppose -h = -3*b + 158. What is the tens digit of b?
3
Let p(x) = -x**3 + 2*x**2 + x + 7. Let u be p(3). What is the tens digit of (0/(-2) + -49)/((-1)/u)?
4
Let k be (-6)/(-4)*32/(-24). What is the units digit of ((-97)/(-11) - 6/(-33)) + k?
7
Suppose 4*a + 5*w = -a + 1445, -4*w - 584 = -2*a. Suppose 3*h - 8*h = -a. Suppose h = t - 1. What is the units digit of t?
9
Let x(d) = 23*d**2 - 18*d + 157. What is the units digit of x(7)?
8
Let y be (-21)/14 + 1/(-2). Let p(g) be the third derivative of -g**4/4 + g**3/3 + 2*g**2. What is the tens digit of p(y)?
1
Let s(z) = 5*z + 3. Let j(m) = 3*m + 2. Let l = 13 - 7. Let b(g) = l*s(g) - 11*j(g). What is the units digit of b(-5)?
1
Let z(l) be the first derivative of -l**6/360 - l**5/15 - l**4/12 + 2*l**3/3 + 3. Let n(s) be the third derivative of z(s). What is the units digit of n(-6)?
0
Let y = 297 + -274. What is the tens digit of y?
2
Let f be 20/4 + 1 + -4. Suppose -2*n + 164 = y, f*y - y - 4 = 0. What is the tens digit of n?
8
Let s(v) = v**2 - 2*v. Let l = 16 - 16. Suppose l = -2*b + b + 4. What is t